{"id":3,"date":"2023-09-06T18:17:05","date_gmt":"2023-09-06T18:17:05","guid":{"rendered":"https:\/\/voltoliniadv.com.br\/?page_id=3"},"modified":"2025-11-13T18:16:32","modified_gmt":"2025-11-13T18:16:32","slug":"privacy-policy","status":"publish","type":"page","link":"https:\/\/voltoliniadv.com.br\/","title":{"rendered":"Rodrigo Voltolini Advocacia"},"content":{"rendered":"\n<p class=\"has-medium-font-size\">Seja bem vindo ao site Rodrigo Voltolini &#8211; Advocacia e Consultoria Jur\u00eddica. <\/p>\n\n\n\n<p class=\"has-medium-font-size\">Entre em contato, teremos prazer em atend\u00ea-lo no escrit\u00f3rio, em sua resid\u00eancia ou empresa. <\/p>\n\n\n\n<p class=\"has-medium-font-size\"><strong>Telefone \/ Whatsapp:<\/strong> 47 98456-4424<\/p>\n\n\n\n<p class=\"has-medium-font-size\"><strong>E-mail: <\/strong><a href=\"mailto:advogadovoltolini@gmail.com\">advogadovoltolini@gmail.com<\/a><\/p>\n\n\n\n<p class=\"has-medium-font-size\"><strong><u>\u00c1REAS DE ATUA\u00c7\u00c3O: <\/u><\/strong><strong><u><\/u><\/strong><\/p>\n\n\n\n<p class=\"has-medium-font-size\"><strong>Direito de Fam\u00edlia e Sucess\u00f5es<\/strong>: Div\u00f3rcio judicial e extrajudicial, nulidade e anula\u00e7\u00e3o de casamento, reconhecimento e dissolu\u00e7\u00e3o de uni\u00e3o est\u00e1vel, investiga\u00e7\u00e3o e reconhecimento de filia\u00e7\u00e3o, a\u00e7\u00e3o de alimentos, guarda, regulamenta\u00e7\u00e3o de visitas, invent\u00e1rios judiciais e extrajudiciais. &nbsp;<\/p>\n\n\n\n<p class=\"has-medium-font-size\"><strong>Direito Banc\u00e1rio<\/strong>: Realiza\u00e7\u00e3o de an\u00e1lise e formaliza\u00e7\u00e3o de contratos, recupera\u00e7\u00e3o de cr\u00e9dito judicial e extrajudicial, orienta\u00e7\u00f5es na preven\u00e7\u00e3o de riscos, atua\u00e7\u00e3o em processos administrativos e judiciais, a\u00e7\u00f5es revisionais de contratos com institui\u00e7\u00f5es financeiras, acordos para revis\u00e3o de taxas e tarifas, cobran\u00e7as e execu\u00e7\u00f5es em geral.<\/p>\n\n\n\n<p><\/p>\n\n\n\n<p class=\"has-medium-font-size\"><strong>Direito Civil:<\/strong> Responsabilidade civil, assessoria, elabora\u00e7\u00e3o, revis\u00e3o e acompanhamento de contratos, propositura, defesa e acompanhamento de a\u00e7\u00f5es c\u00edveis, a\u00e7\u00f5es de cobran\u00e7as extrajudicial e judicial, execu\u00e7\u00f5es, pareceres e demais procedimentos de car\u00e1ter civil.<\/p>\n\n\n\n<p><\/p>\n\n\n\n<p class=\"has-medium-font-size\"><strong>Direito do Consumidor:<\/strong> Formaliza\u00e7\u00e3o e revis\u00e3o do contrato de consumo, regulariza\u00e7\u00e3o de inscri\u00e7\u00e3o indevida em \u00f3rg\u00e3os de prote\u00e7\u00e3o ao cr\u00e9dito, a\u00e7\u00f5es relacionadas a cobran\u00e7as irregulares, extravio ou perda de voo \/ bagagem, a\u00e7\u00f5es de responsabilidade civil, danos morais e\/ou materiais, produtos com defeitos, entre outros.<\/p>\n\n\n\n<p><\/p>\n\n\n\n<p class=\"has-medium-font-size\"><strong>Direito Empresarial<\/strong>: Consultoria preventiva na elabora\u00e7\u00e3o de contratos mercantis, na forma\u00e7\u00e3o da empresa, dentre outros.<\/p>\n\n\n\n<p><\/p>\n\n\n\n<p class=\"has-medium-font-size\"><strong>Direito Imobili\u00e1rio<\/strong>: Prote\u00e7\u00e3o da posse e da propriedade atrav\u00e9s de a\u00e7\u00f5es judiciais espec\u00edficas, registro de im\u00f3veis e escritura\u00e7\u00e3o, averba\u00e7\u00f5es, a\u00e7\u00f5es de desapropria\u00e7\u00e3o e despejo, usucapi\u00e3o, rescis\u00e3o contratual, etc.<\/p>\n\n\n\n<p><\/p>\n\n\n\n<p class=\"has-medium-font-size\"><strong>Direito do Trabalho<\/strong>: Atua\u00e7\u00e3o em processos administrativos, judiciais, defesa de reclama\u00e7\u00e3o trabalhista, an\u00e1lise de risco trabalhista, estudo e emiss\u00e3o de pareceres sobre os mais variados temas do direito do trabalho.<\/p>\n\n\n\n<p><\/p>\n\n\n\n<p class=\"has-medium-font-size\"><strong><u>EXPERI\u00caNCIA PROFISSIONAL: <\/u><\/strong> <\/p>\n\n\n\n<p class=\"has-medium-font-size\">&#8211;  Advogado inscrito na OAB\/SC sob o n\u00ba 52.324.<\/p>\n\n\n\n<p class=\"has-medium-font-size\">&#8211; Bacharel em Direito &#8211; UNIVILLE \u2013 Campus S\u00e3o Bento do Sul em 2017.<\/p>\n\n\n\n<p class=\"has-medium-font-size\">&#8211; Especialista em Administra\u00e7\u00e3o de Empresas \u2013 FAE \u2013 PR em 2007.<\/p>\n\n\n\n<p class=\"has-medium-font-size\">&#8211; Bacharel em Sistemas de Informa\u00e7\u00e3o \u2013 UNIVILLE \u2013 Campus Joinville em 2003.<\/p>\n\n\n\n<p class=\"has-medium-font-size\">&#8211; Experi\u00eancia de 18 anos atuando no mercado de trabalho nas \u00e1reas administrativa, financeira, jur\u00eddica, consultoria empresarial, auditorias e controles internos.<\/p>\n\n\n<div class=\"wp-block-image\">\n<figure class=\"aligncenter size-full\"><img loading=\"lazy\" decoding=\"async\" width=\"367\" height=\"162\" src=\"https:\/\/voltoliniadv.com.br\/wp-content\/uploads\/2023\/09\/cropped-LOGO-RODRIGO-NOVA-SITE-1.png\" alt=\"\" class=\"wp-image-85\" srcset=\"https:\/\/voltoliniadv.com.br\/wp-content\/uploads\/2023\/09\/cropped-LOGO-RODRIGO-NOVA-SITE-1.png 367w, https:\/\/voltoliniadv.com.br\/wp-content\/uploads\/2023\/09\/cropped-LOGO-RODRIGO-NOVA-SITE-1-300x132.png 300w\" sizes=\"auto, (max-width: 367px) 100vw, 367px\" \/><\/figure>\n<\/div>\n\n<div class=\"wp-block-image is-style-rounded\">\n<figure class=\"aligncenter size-medium\"><img loading=\"lazy\" decoding=\"async\" width=\"200\" height=\"300\" src=\"https:\/\/voltoliniadv.com.br\/wp-content\/uploads\/2025\/11\/WhatsApp-Image-2020-11-12-at-11.46.39-1-Copia-200x300.jpeg\" alt=\"\" class=\"wp-image-123\" srcset=\"https:\/\/voltoliniadv.com.br\/wp-content\/uploads\/2025\/11\/WhatsApp-Image-2020-11-12-at-11.46.39-1-Copia-200x300.jpeg 200w, https:\/\/voltoliniadv.com.br\/wp-content\/uploads\/2025\/11\/WhatsApp-Image-2020-11-12-at-11.46.39-1-Copia-682x1024.jpeg 682w, https:\/\/voltoliniadv.com.br\/wp-content\/uploads\/2025\/11\/WhatsApp-Image-2020-11-12-at-11.46.39-1-Copia-768x1152.jpeg 768w, https:\/\/voltoliniadv.com.br\/wp-content\/uploads\/2025\/11\/WhatsApp-Image-2020-11-12-at-11.46.39-1-Copia.jpeg 853w\" sizes=\"auto, (max-width: 200px) 100vw, 200px\" \/><\/figure>\n<\/div>\n\n\n<p class=\"has-medium-font-size\"><strong><u>LOCALIZA\u00c7\u00c3O:<\/u><\/strong>  <strong><a href=\"https:\/\/www.google.com\/maps\/place\/R.+Gustavo+Katzer,+358+-+Centro,+S%C3%A3o+Bento+do+Sul+-+SC,+89280-268\/@-26.2563549,-49.3797836,17z\/data=!3m1!4b1!4m6!3m5!1s0x94ddd4c509773345:0xdedd1362c72710fd!8m2!3d-26.2563549!4d-49.3772087!16s%2Fg%2F11csnxtfd4?entry=ttu&amp;g_ep=EgoyMDI1MDEyOS4xIKXMDSoASAFQAw%3D%3D\">Clique Aqui.<\/a> <\/strong><\/p>\n\n\n\n<p><\/p>\n","protected":false},"excerpt":{"rendered":"<p>Seja bem vindo ao site Rodrigo Voltolini &#8211; Advocacia e Consultoria Jur\u00eddica. Entre em contato, teremos prazer em atend\u00ea-lo no escrit\u00f3rio, em sua resid\u00eancia ou empresa. Telefone \/ Whatsapp: 47 98456-4424 E-mail: advogadovoltolini@gmail.com \u00c1REAS DE ATUA\u00c7\u00c3O: Direito de Fam\u00edlia e Sucess\u00f5es: Div\u00f3rcio judicial e extrajudicial, nulidade e anula\u00e7\u00e3o de casamento, reconhecimento e dissolu\u00e7\u00e3o de uni\u00e3o [&hellip;]<\/p>\n","protected":false},"author":1,"featured_media":0,"parent":0,"menu_order":0,"comment_status":"closed","ping_status":"open","template":"","meta":{"footnotes":""},"class_list":["post-3","page","type-page","status-publish","hentry"],"_links":{"self":[{"href":"https:\/\/voltoliniadv.com.br\/index.php?rest_route=\/wp\/v2\/pages\/3","targetHints":{"allow":["GET"]}}],"collection":[{"href":"https:\/\/voltoliniadv.com.br\/index.php?rest_route=\/wp\/v2\/pages"}],"about":[{"href":"https:\/\/voltoliniadv.com.br\/index.php?rest_route=\/wp\/v2\/types\/page"}],"author":[{"embeddable":true,"href":"https:\/\/voltoliniadv.com.br\/index.php?rest_route=\/wp\/v2\/users\/1"}],"replies":[{"embeddable":true,"href":"https:\/\/voltoliniadv.com.br\/index.php?rest_route=%2Fwp%2Fv2%2Fcomments&post=3"}],"version-history":[{"count":32,"href":"https:\/\/voltoliniadv.com.br\/index.php?rest_route=\/wp\/v2\/pages\/3\/revisions"}],"predecessor-version":[{"id":127,"href":"https:\/\/voltoliniadv.com.br\/index.php?rest_route=\/wp\/v2\/pages\/3\/revisions\/127"}],"wp:attachment":[{"href":"https:\/\/voltoliniadv.com.br\/index.php?rest_route=%2Fwp%2Fv2%2Fmedia&parent=3"}],"curies":[{"name":"wp","href":"https:\/\/api.w.org\/{rel}","templated":true}]}}